{"id":4313,"date":"2023-11-21T11:38:44","date_gmt":"2023-11-21T14:38:44","guid":{"rendered":"https:\/\/neotecnologica.com.br\/lojavirtual\/?post_type=product&#038;p=4313"},"modified":"2024-02-16T17:54:08","modified_gmt":"2024-02-16T20:54:08","slug":"estacao-de-ferro-de-solda-digital-90w-110v","status":"publish","type":"product","link":"https:\/\/neotecnologica.com.br\/lojavirtual\/produto\/estacao-de-ferro-de-solda-digital-90w-110v\/","title":{"rendered":"Esta\u00e7\u00e3o De Ferro De Solda Ace A"},"content":{"rendered":"<p>Esta\u00e7\u00e3o de solda anal\u00f3gica ajust\u00e1vel, com resist\u00eancia de cer\u00e2mica, alta estabilidade de temperatura e permitindo soldagens de alt\u00edssima qualidade e eficiente mesmo em temperaturas mais baixas. Utilizado em laborat\u00f3rios de assist\u00eancia em geral, como, assist\u00eancia t\u00e9cnica de celulares, tablet, notebook, teste em linha de produ\u00e7\u00e3o, manuten\u00e7\u00e3o eletr\u00f4nica, laborat\u00f3rios de testes, escolas t\u00e9cnica etc.<\/p>\n<p>Resist\u00eancia de cer\u00e2mica, com r\u00e1pida recupera\u00e7\u00e3o t\u00e9rmica e estabilidade de temperatura, ajust\u00e1vel e com ponta aterrada.<\/p>\n<p>Ficha t\u00e9cnica:<br \/>\n*Tens\u00e3o nominal: 110 v<br \/>\n*Freq\u00fc\u00eancia: 60hz<br \/>\n* Pot\u00eancia Nominal: 60 w<br \/>\n*Temperatura ajust\u00e1vel: 200\u00baC &#8211; 480\u00baC<br \/>\n*Controle de temperatura digital<br \/>\n*Resist\u00eancia cer\u00e2mica<br \/>\n*Tens\u00e3o de Sa\u00edda: 24 v<\/p>\n<p><strong>\u00a0Conte\u00fado da caixa\u00a0<\/strong><\/p>\n<p>01 Ferro de soldar<br \/>\n01 Esponja de limpeza<br \/>\n01 Suporte para ferro de soldar<br \/>\n90 dias de garantia<\/p>\n<p><strong><br \/>\n<\/strong>Peso com caixa: 3,120kg<\/p>\n<p>Dimens\u00f5es embalagem: C 340mm \/ L 200mm \/ A170mm<\/p>\n","protected":false},"excerpt":{"rendered":"<p>Esta\u00e7\u00e3o de solda anal\u00f3gica ajust\u00e1vel, com resist\u00eancia de cer\u00e2mica, alta estabilidade de temperatura e permitindo soldagens de alt\u00edssima qualidade e eficiente mesmo em temperaturas mais baixas. Utilizado em laborat\u00f3rios de assist\u00eancia em geral, como, assist\u00eancia t\u00e9cnica de celulares, tablet, notebook, teste em linha de produ\u00e7\u00e3o, manuten\u00e7\u00e3o eletr\u00f4nica, laborat\u00f3rios de testes, escolas t\u00e9cnica etc.<\/p>\n","protected":false},"featured_media":4327,"comment_status":"closed","ping_status":"closed","template":"","meta":{"_joinchat":[]},"product_brand":[],"product_cat":[105],"product_tag":[],"class_list":{"0":"post-4313","1":"product","2":"type-product","3":"status-publish","4":"has-post-thumbnail","6":"product_cat-equipamentos-para-manutencao-em-celular","8":"first","9":"instock","10":"taxable","11":"shipping-taxable","12":"purchasable","13":"product-type-simple"},"_links":{"self":[{"href":"https:\/\/neotecnologica.com.br\/lojavirtual\/wp-json\/wp\/v2\/product\/4313","targetHints":{"allow":["GET"]}}],"collection":[{"href":"https:\/\/neotecnologica.com.br\/lojavirtual\/wp-json\/wp\/v2\/product"}],"about":[{"href":"https:\/\/neotecnologica.com.br\/lojavirtual\/wp-json\/wp\/v2\/types\/product"}],"replies":[{"embeddable":true,"href":"https:\/\/neotecnologica.com.br\/lojavirtual\/wp-json\/wp\/v2\/comments?post=4313"}],"wp:featuredmedia":[{"embeddable":true,"href":"https:\/\/neotecnologica.com.br\/lojavirtual\/wp-json\/wp\/v2\/media\/4327"}],"wp:attachment":[{"href":"https:\/\/neotecnologica.com.br\/lojavirtual\/wp-json\/wp\/v2\/media?parent=4313"}],"wp:term":[{"taxonomy":"product_brand","embeddable":true,"href":"https:\/\/neotecnologica.com.br\/lojavirtual\/wp-json\/wp\/v2\/product_brand?post=4313"},{"taxonomy":"product_cat","embeddable":true,"href":"https:\/\/neotecnologica.com.br\/lojavirtual\/wp-json\/wp\/v2\/product_cat?post=4313"},{"taxonomy":"product_tag","embeddable":true,"href":"https:\/\/neotecnologica.com.br\/lojavirtual\/wp-json\/wp\/v2\/product_tag?post=4313"}],"curies":[{"name":"wp","href":"https:\/\/api.w.org\/{rel}","templated":true}]}}