{"id":4311,"date":"2023-11-21T11:36:21","date_gmt":"2023-11-21T14:36:21","guid":{"rendered":"https:\/\/neotecnologica.com.br\/lojavirtual\/?post_type=product&#038;p=4311"},"modified":"2025-01-03T12:37:33","modified_gmt":"2025-01-03T15:37:33","slug":"multimetro-digital-minipa-et1000","status":"publish","type":"product","link":"https:\/\/neotecnologica.com.br\/lojavirtual\/produto\/multimetro-digital-minipa-et1000\/","title":{"rendered":"Multimetro Digital Minipa ET1000"},"content":{"rendered":"<p>O Mult\u00edmetro Digital Modelo ET-1000 \u00e9 utilizado em laborat\u00f3rios de assist\u00eancia em geral, como, assist\u00eancia t\u00e9cnica de celulares, tablet, notebook, teste em linha de produ\u00e7\u00e3o, manuten\u00e7\u00e3o eletr\u00f4nica, laborat\u00f3rios de testes, escolas t\u00e9cnica, faculdades, profissionais de manuten\u00e7\u00e3o el\u00e9trica, etc.<\/p>\n<p>Possui display grande e de f\u00e1cil visualiza\u00e7\u00e3o, indicador de bateria fraca, medidas de tens\u00e3o DC\/AC, corrente DC, resist\u00eancia, ganho de transistores (hFE), gerador de onda quadrada e testes de diodo e continuidade.<\/p>\n<p>Especifica\u00e7\u00f5es T\u00e9cnicas:<\/p>\n<p>Marca: Minipa<br \/>\nModelo: ET-1000<br \/>\nDisplay LCD\/Contagem: 3 1\/2 D\u00edgitos\/2000<br \/>\nTens\u00e3o DC: 200m\/2000m\/20\/200\/600V<br \/>\nTens\u00e3o AC: 200\/750V<br \/>\nCorrente DC: 200\u00b5\/2000\u00b5\/20m\/200m\/10A<br \/>\nResist\u00eancia: 200\/2000\/20k\/200k\/2000kO<br \/>\nTeste de Continuidade\/Diodo<br \/>\nMudan\u00e7a de Faixa: Manual<br \/>\nSinal Sonoro<br \/>\nGerador de onda quadrada<br \/>\nPrecis\u00e3o B\u00e1sica: 0,50%<br \/>\nCategoria de Seguran\u00e7a CAT I 600V<br \/>\nAlimenta\u00e7\u00e3o 1X9V<br \/>\nGarantia de 3 meses<\/p>\n<p>Peso total : 180g<\/p>\n<p>Dimens\u00f5es \u00a0embalagem : C 180mm \/ L 120mm \/ A 20mm<\/p>\n","protected":false},"excerpt":{"rendered":"<p>O Mult\u00edmetro Digital Modelo ET-1000 \u00e9 utilizado em laborat\u00f3rios de assist\u00eancia em geral, como, assist\u00eancia t\u00e9cnica de celulares, tablet, notebook, teste em linha de produ\u00e7\u00e3o, manuten\u00e7\u00e3o eletr\u00f4nica, laborat\u00f3rios de testes, escolas t\u00e9cnica, faculdades, profissionais de manuten\u00e7\u00e3o el\u00e9trica, etc.<\/p>\n","protected":false},"featured_media":4312,"comment_status":"closed","ping_status":"closed","template":"","meta":{"_joinchat":[]},"product_brand":[],"product_cat":[105],"product_tag":[],"class_list":{"0":"post-4311","1":"product","2":"type-product","3":"status-publish","4":"has-post-thumbnail","6":"product_cat-equipamentos-para-manutencao-em-celular","8":"first","9":"instock","10":"taxable","11":"shipping-taxable","12":"purchasable","13":"product-type-simple"},"_links":{"self":[{"href":"https:\/\/neotecnologica.com.br\/lojavirtual\/wp-json\/wp\/v2\/product\/4311","targetHints":{"allow":["GET"]}}],"collection":[{"href":"https:\/\/neotecnologica.com.br\/lojavirtual\/wp-json\/wp\/v2\/product"}],"about":[{"href":"https:\/\/neotecnologica.com.br\/lojavirtual\/wp-json\/wp\/v2\/types\/product"}],"replies":[{"embeddable":true,"href":"https:\/\/neotecnologica.com.br\/lojavirtual\/wp-json\/wp\/v2\/comments?post=4311"}],"wp:featuredmedia":[{"embeddable":true,"href":"https:\/\/neotecnologica.com.br\/lojavirtual\/wp-json\/wp\/v2\/media\/4312"}],"wp:attachment":[{"href":"https:\/\/neotecnologica.com.br\/lojavirtual\/wp-json\/wp\/v2\/media?parent=4311"}],"wp:term":[{"taxonomy":"product_brand","embeddable":true,"href":"https:\/\/neotecnologica.com.br\/lojavirtual\/wp-json\/wp\/v2\/product_brand?post=4311"},{"taxonomy":"product_cat","embeddable":true,"href":"https:\/\/neotecnologica.com.br\/lojavirtual\/wp-json\/wp\/v2\/product_cat?post=4311"},{"taxonomy":"product_tag","embeddable":true,"href":"https:\/\/neotecnologica.com.br\/lojavirtual\/wp-json\/wp\/v2\/product_tag?post=4311"}],"curies":[{"name":"wp","href":"https:\/\/api.w.org\/{rel}","templated":true}]}}