{"id":4292,"date":"2023-11-21T11:14:31","date_gmt":"2023-11-21T14:14:31","guid":{"rendered":"https:\/\/neotecnologica.com.br\/lojavirtual\/?post_type=product&#038;p=4292"},"modified":"2024-07-22T10:50:47","modified_gmt":"2024-07-22T13:50:47","slug":"estacao-de-ar-quente-yaxun-880-a","status":"publish","type":"product","link":"https:\/\/neotecnologica.com.br\/lojavirtual\/produto\/estacao-de-ar-quente-yaxun-880-a\/","title":{"rendered":"Esta\u00e7\u00e3o De Ar Quente Yaxun 880 A"},"content":{"rendered":"<p>Esta\u00e7\u00e3o de ar quente Yaxun 880\u00aa, ideal para quem busca praticidade, agilidade e precis\u00e3o nos trabalhos efetuados na sua bancada de trabalho ou at\u00e9 mesmo, sendo usada com hobby em casa. Podendo ser facilmente adaptada a qualquer bancada e inclusive ser transportada para v\u00e1rios lugares, devido ao seu tamanho compacto e a al\u00e7a que auxilia no transporte manual. Pequena, leve, robusta e com a qualidade superior da marca Yaxun.<br \/>\nA Esta\u00e7\u00e3o Yaxun 880A \u00e9 o equipamento ideal para quem trabalha com microeletr\u00f4nica e necessita de uma esta\u00e7\u00e3o especifica para trabalhos de soldagem e ressoldagem, tais como a troca de CI`\u00b4s SMD, BGA, SOIC, PLCC, e todos os tipos de componentes que s\u00e3o soldados na placa, como, capacitor, resistor, transistor, fusistor, conector, Jack, conector FPC, teclas e muito mais<\/p>\n<p><strong>Ficha T\u00e9cnica<\/strong>:<br \/>\nMarca: Yaxun<br \/>\nModelo: 880A<br \/>\nSistema de prote\u00e7\u00e3o: Antiest\u00e1tica (ESD)<br \/>\nConsumo M\u00e9dio: 20~270 w<br \/>\nPeso total: 2,9 Kg<br \/>\nTemperatura do ar quente: 100\u00baC~420\u00baC<br \/>\nResist\u00eancia de aterramento: &lt; 2 Ohm<br \/>\nFluxo de ar: 231L\/min.<br \/>\nESD Safe (Prote\u00e7\u00e3o antiest\u00e1tica)<br \/>\nAcompanha 3 Bocais de medidas e vaz\u00e3o de ar diferentes<\/p>\n<p>Garantia do vendedor: 3 meses<\/p>\n<p>Peso com caixa : 1,980 kg<\/p>\n<p>Dimens\u00f5es embalagem : C 230mm \/ L 230mm \/ A130mm<\/p>\n","protected":false},"excerpt":{"rendered":"<p>Esta\u00e7\u00e3o de ar quente Yaxun 880\u00aa, ideal para quem busca praticidade, agilidade e precis\u00e3o nos trabalhos efetuados na sua bancada de trabalho ou at\u00e9 mesmo, sendo usada com hobby em casa.<\/p>\n","protected":false},"featured_media":4293,"comment_status":"closed","ping_status":"closed","template":"","meta":{"_joinchat":[]},"product_brand":[],"product_cat":[105],"product_tag":[],"class_list":{"0":"post-4292","1":"product","2":"type-product","3":"status-publish","4":"has-post-thumbnail","6":"product_cat-equipamentos-para-manutencao-em-celular","8":"first","9":"instock","10":"taxable","11":"shipping-taxable","12":"purchasable","13":"product-type-simple"},"_links":{"self":[{"href":"https:\/\/neotecnologica.com.br\/lojavirtual\/wp-json\/wp\/v2\/product\/4292","targetHints":{"allow":["GET"]}}],"collection":[{"href":"https:\/\/neotecnologica.com.br\/lojavirtual\/wp-json\/wp\/v2\/product"}],"about":[{"href":"https:\/\/neotecnologica.com.br\/lojavirtual\/wp-json\/wp\/v2\/types\/product"}],"replies":[{"embeddable":true,"href":"https:\/\/neotecnologica.com.br\/lojavirtual\/wp-json\/wp\/v2\/comments?post=4292"}],"wp:featuredmedia":[{"embeddable":true,"href":"https:\/\/neotecnologica.com.br\/lojavirtual\/wp-json\/wp\/v2\/media\/4293"}],"wp:attachment":[{"href":"https:\/\/neotecnologica.com.br\/lojavirtual\/wp-json\/wp\/v2\/media?parent=4292"}],"wp:term":[{"taxonomy":"product_brand","embeddable":true,"href":"https:\/\/neotecnologica.com.br\/lojavirtual\/wp-json\/wp\/v2\/product_brand?post=4292"},{"taxonomy":"product_cat","embeddable":true,"href":"https:\/\/neotecnologica.com.br\/lojavirtual\/wp-json\/wp\/v2\/product_cat?post=4292"},{"taxonomy":"product_tag","embeddable":true,"href":"https:\/\/neotecnologica.com.br\/lojavirtual\/wp-json\/wp\/v2\/product_tag?post=4292"}],"curies":[{"name":"wp","href":"https:\/\/api.w.org\/{rel}","templated":true}]}}