{"id":4290,"date":"2023-11-21T11:12:51","date_gmt":"2023-11-21T14:12:51","guid":{"rendered":"https:\/\/neotecnologica.com.br\/lojavirtual\/?post_type=product&#038;p=4290"},"modified":"2024-02-15T16:51:00","modified_gmt":"2024-02-15T19:51:00","slug":"gominha-elastica-para-colagem-de-tela-de-celular","status":"publish","type":"product","link":"https:\/\/neotecnologica.com.br\/lojavirtual\/produto\/gominha-elastica-para-colagem-de-tela-de-celular\/","title":{"rendered":"Gominha El\u00e1stica Para Colagem De Tela De Celular"},"content":{"rendered":"<p>El\u00e1stico (tipo gominha) 130 gramas<br \/>\nTendo v\u00e1rias aplica\u00e7\u00f5es em todos os tipos de trabalho, sendo escrit\u00f3rio, fabrica\u00e7\u00e3o de artesanato, uso dom\u00e9stico e principalmente, muito usado em assist\u00eancia t\u00e9cnica de celulares, para fixar a tela ap\u00f3s a substitui\u00e7\u00e3o da mesma, usada para prender a tela e esperar a cura completa da cola que exige 24hs ap\u00f3s a troca<\/p>\n<p>Peso\u00a0 130g<\/p>\n<p>Dimens\u00f5es pacote\u00a0 : C 190mm \/ L 150mm \/ Espessura 15mm<\/p>\n","protected":false},"excerpt":{"rendered":"<p>El\u00e1stico (tipo gominha) 130 gramas<br \/>\nTendo v\u00e1rias aplica\u00e7\u00f5es em todos os tipos de trabalho, sendo escrit\u00f3rio, fabrica\u00e7\u00e3o de artesanato, uso dom\u00e9stico e principalmente, muito usado em assist\u00eancia t\u00e9cnica de celulares, para fixar a tela ap\u00f3s a substitui\u00e7\u00e3o da mesma, usada para prender a tela e esperar a cura completa da cola que exige 24hs ap\u00f3s a troca<\/p>\n","protected":false},"featured_media":4291,"comment_status":"closed","ping_status":"closed","template":"","meta":{"_joinchat":[]},"product_brand":[],"product_cat":[105],"product_tag":[],"class_list":{"0":"post-4290","1":"product","2":"type-product","3":"status-publish","4":"has-post-thumbnail","6":"product_cat-equipamentos-para-manutencao-em-celular","8":"first","9":"instock","10":"taxable","11":"shipping-taxable","12":"purchasable","13":"product-type-simple"},"_links":{"self":[{"href":"https:\/\/neotecnologica.com.br\/lojavirtual\/wp-json\/wp\/v2\/product\/4290","targetHints":{"allow":["GET"]}}],"collection":[{"href":"https:\/\/neotecnologica.com.br\/lojavirtual\/wp-json\/wp\/v2\/product"}],"about":[{"href":"https:\/\/neotecnologica.com.br\/lojavirtual\/wp-json\/wp\/v2\/types\/product"}],"replies":[{"embeddable":true,"href":"https:\/\/neotecnologica.com.br\/lojavirtual\/wp-json\/wp\/v2\/comments?post=4290"}],"wp:featuredmedia":[{"embeddable":true,"href":"https:\/\/neotecnologica.com.br\/lojavirtual\/wp-json\/wp\/v2\/media\/4291"}],"wp:attachment":[{"href":"https:\/\/neotecnologica.com.br\/lojavirtual\/wp-json\/wp\/v2\/media?parent=4290"}],"wp:term":[{"taxonomy":"product_brand","embeddable":true,"href":"https:\/\/neotecnologica.com.br\/lojavirtual\/wp-json\/wp\/v2\/product_brand?post=4290"},{"taxonomy":"product_cat","embeddable":true,"href":"https:\/\/neotecnologica.com.br\/lojavirtual\/wp-json\/wp\/v2\/product_cat?post=4290"},{"taxonomy":"product_tag","embeddable":true,"href":"https:\/\/neotecnologica.com.br\/lojavirtual\/wp-json\/wp\/v2\/product_tag?post=4290"}],"curies":[{"name":"wp","href":"https:\/\/api.w.org\/{rel}","templated":true}]}}