{"id":4278,"date":"2023-11-21T10:49:35","date_gmt":"2023-11-21T13:49:35","guid":{"rendered":"https:\/\/neotecnologica.com.br\/lojavirtual\/?post_type=product&#038;p=4278"},"modified":"2024-02-15T16:42:26","modified_gmt":"2024-02-15T19:42:26","slug":"fita-termica-de-aluminio","status":"publish","type":"product","link":"https:\/\/neotecnologica.com.br\/lojavirtual\/produto\/fita-termica-de-aluminio\/","title":{"rendered":"Fita T\u00e9rmica De Alum\u00ednio"},"content":{"rendered":"<p>Fita Alum\u00ednio 20mm x 30m<br \/>\nProduzida com folhas de alum\u00ednio, cobertas com adesivo acr\u00edlico \u00e0 base de borracha, possui \u00f3tima condutividade t\u00e9rmica e resist\u00eancia \u00e0 maioria dos agentes qu\u00edmicos e as intemp\u00e9ries.<br \/>\nFita de face simples em alum\u00ednio, alta adesividade, boa resist\u00eancia ao cisalhamento ou deforma\u00e7\u00e3o sob uma for\u00e7a devido a altas temperaturas.<br \/>\nProduto desenvolvidas para atender v\u00e1rios mercados, dentre quais podemos citar, eletr\u00f4nica, el\u00e9trica, refrigera\u00e7\u00e3o, constru\u00e7\u00e3o civil, avia\u00e7\u00e3o entre outras \u00e1reas.<br \/>\nUsada para revestimentos, acabamentos e reparos em dutos de ar-condicionado, freezers e refrigeradores residenciais, comerciais ou industriais.<br \/>\nTamb\u00e9m conhecida como fita refletiva possui in\u00fameras propriedades, dentre as quais se destacam: reflex\u00e3o e dissipa\u00e7\u00e3o de calor, resist\u00eancia \u00e0s altas temperaturas, termo condutivo, resist\u00eancia \u00e0 intemp\u00e9rie, eletro condutivo, resist\u00eancia qu\u00edmica, resist\u00eancia a chama, Flex\u00edvel e perfeitamente ajust\u00e1vel a quaisquer superf\u00edcies.<br \/>\nGarantia 90 dias<\/p>\n<p>Peso\u00a0 85g<\/p>\n<p>Dimens\u00f5es tubo\u00a0 : Di\u00e2metro 90mm \/\u00a0 L20mm<\/p>\n","protected":false},"excerpt":{"rendered":"<p>Fita Alum\u00ednio 20mm x 30m<br \/>\nProduzida com folhas de alum\u00ednio, cobertas com adesivo acr\u00edlico \u00e0 base de borracha, possui \u00f3tima condutividade t\u00e9rmica e resist\u00eancia \u00e0 maioria dos agentes qu\u00edmicos e as intemp\u00e9ries.<\/p>\n","protected":false},"featured_media":4279,"comment_status":"closed","ping_status":"closed","template":"","meta":{"_joinchat":[]},"product_brand":[],"product_cat":[105],"product_tag":[],"class_list":{"0":"post-4278","1":"product","2":"type-product","3":"status-publish","4":"has-post-thumbnail","6":"product_cat-equipamentos-para-manutencao-em-celular","8":"first","9":"instock","10":"taxable","11":"shipping-taxable","12":"purchasable","13":"product-type-simple"},"_links":{"self":[{"href":"https:\/\/neotecnologica.com.br\/lojavirtual\/wp-json\/wp\/v2\/product\/4278","targetHints":{"allow":["GET"]}}],"collection":[{"href":"https:\/\/neotecnologica.com.br\/lojavirtual\/wp-json\/wp\/v2\/product"}],"about":[{"href":"https:\/\/neotecnologica.com.br\/lojavirtual\/wp-json\/wp\/v2\/types\/product"}],"replies":[{"embeddable":true,"href":"https:\/\/neotecnologica.com.br\/lojavirtual\/wp-json\/wp\/v2\/comments?post=4278"}],"wp:featuredmedia":[{"embeddable":true,"href":"https:\/\/neotecnologica.com.br\/lojavirtual\/wp-json\/wp\/v2\/media\/4279"}],"wp:attachment":[{"href":"https:\/\/neotecnologica.com.br\/lojavirtual\/wp-json\/wp\/v2\/media?parent=4278"}],"wp:term":[{"taxonomy":"product_brand","embeddable":true,"href":"https:\/\/neotecnologica.com.br\/lojavirtual\/wp-json\/wp\/v2\/product_brand?post=4278"},{"taxonomy":"product_cat","embeddable":true,"href":"https:\/\/neotecnologica.com.br\/lojavirtual\/wp-json\/wp\/v2\/product_cat?post=4278"},{"taxonomy":"product_tag","embeddable":true,"href":"https:\/\/neotecnologica.com.br\/lojavirtual\/wp-json\/wp\/v2\/product_tag?post=4278"}],"curies":[{"name":"wp","href":"https:\/\/api.w.org\/{rel}","templated":true}]}}