{"id":4254,"date":"2023-11-20T16:00:45","date_gmt":"2023-11-20T19:00:45","guid":{"rendered":"https:\/\/neotecnologica.com.br\/lojavirtual\/?post_type=product&#038;p=4254"},"modified":"2024-02-14T17:32:07","modified_gmt":"2024-02-14T20:32:07","slug":"paleta-folha-de-metal","status":"publish","type":"product","link":"https:\/\/neotecnologica.com.br\/lojavirtual\/produto\/paleta-folha-de-metal\/","title":{"rendered":"Paleta Folha de metal"},"content":{"rendered":"<p>Esp\u00e1tula de a\u00e7o Inox, sendo uma ferramenta de grande resist\u00eancia e durabilidade. Sua fun\u00e7\u00e3o \u00e9 auxiliar profissionais e t\u00e9cnicos da \u00e1rea eletr\u00f4nica, principalmente na abertura de carca\u00e7as, retiradas de telas e touch screen de celulares, sendo iPhones, iPads, Smartphones em geral, c\u00e2meras fotogr\u00e1ficas, celulares, gps, notebook\u2019s e outros equipamentos.<\/p>\n<p>Ferramenta conhecida como extrator, \u00e9 indispens\u00e1vel em qualquer bancada eletr\u00f4nica, permitindo aos seus usu\u00e1rio que desencaixe e retire LCDs, al\u00e9m de abrir facilmente capas de prote\u00e7\u00e3o e carca\u00e7as de in\u00fameros modelos de\u00a0 aparelhos Com cantos arredondados a fim de evitar danos e riscos a carca\u00e7a do equipamento ou aparelho.<\/p>\n<p>Evite o emprego de ferramentas inadequadas que podem riscar e danificar carca\u00e7as e componentes dos seus aparelhos<\/p>\n<p>Peso embalagem 4g<\/p>\n<p>Dimens\u00f5es da embalagem : C 90mm \/ L 60mm \/ Espessura 3mm<\/p>\n","protected":false},"excerpt":{"rendered":"<p>Esp\u00e1tula de a\u00e7o Inox, sendo uma ferramenta de grande resist\u00eancia e durabilidade. Sua fun\u00e7\u00e3o \u00e9 auxiliar profissionais e t\u00e9cnicos da \u00e1rea eletr\u00f4nica, principalmente na abertura de carca\u00e7as, retiradas de telas e touch screen de celulares, sendo iPhones, iPads, Smartphones em geral, c\u00e2meras fotogr\u00e1ficas, celulares, gps, notebook\u2019s e outros equipamentos.<\/p>\n","protected":false},"featured_media":4321,"comment_status":"closed","ping_status":"closed","template":"","meta":{"_joinchat":[]},"product_brand":[],"product_cat":[105],"product_tag":[],"class_list":{"0":"post-4254","1":"product","2":"type-product","3":"status-publish","4":"has-post-thumbnail","6":"product_cat-equipamentos-para-manutencao-em-celular","8":"first","9":"instock","10":"taxable","11":"shipping-taxable","12":"purchasable","13":"product-type-simple"},"_links":{"self":[{"href":"https:\/\/neotecnologica.com.br\/lojavirtual\/wp-json\/wp\/v2\/product\/4254","targetHints":{"allow":["GET"]}}],"collection":[{"href":"https:\/\/neotecnologica.com.br\/lojavirtual\/wp-json\/wp\/v2\/product"}],"about":[{"href":"https:\/\/neotecnologica.com.br\/lojavirtual\/wp-json\/wp\/v2\/types\/product"}],"replies":[{"embeddable":true,"href":"https:\/\/neotecnologica.com.br\/lojavirtual\/wp-json\/wp\/v2\/comments?post=4254"}],"wp:featuredmedia":[{"embeddable":true,"href":"https:\/\/neotecnologica.com.br\/lojavirtual\/wp-json\/wp\/v2\/media\/4321"}],"wp:attachment":[{"href":"https:\/\/neotecnologica.com.br\/lojavirtual\/wp-json\/wp\/v2\/media?parent=4254"}],"wp:term":[{"taxonomy":"product_brand","embeddable":true,"href":"https:\/\/neotecnologica.com.br\/lojavirtual\/wp-json\/wp\/v2\/product_brand?post=4254"},{"taxonomy":"product_cat","embeddable":true,"href":"https:\/\/neotecnologica.com.br\/lojavirtual\/wp-json\/wp\/v2\/product_cat?post=4254"},{"taxonomy":"product_tag","embeddable":true,"href":"https:\/\/neotecnologica.com.br\/lojavirtual\/wp-json\/wp\/v2\/product_tag?post=4254"}],"curies":[{"name":"wp","href":"https:\/\/api.w.org\/{rel}","templated":true}]}}