{"id":4228,"date":"2023-11-20T15:06:55","date_gmt":"2023-11-20T18:06:55","guid":{"rendered":"https:\/\/neotecnologica.com.br\/lojavirtual\/?post_type=product&#038;p=4228"},"modified":"2024-02-14T17:18:48","modified_gmt":"2024-02-14T20:18:48","slug":"pinca-curva","status":"publish","type":"product","link":"https:\/\/neotecnologica.com.br\/lojavirtual\/produto\/pinca-curva\/","title":{"rendered":"Pin\u00e7a curva"},"content":{"rendered":"<p>Pin\u00e7a feita de a\u00e7o de alt\u00edssima qualidade, anti-magn\u00e9tica e ESD , com sua ponta fina e um manuseio de \u00f3tima qualidade e seguran\u00e7a, serve\u00a0 para auxiliar na manuten\u00e7\u00e3o de celulares e equipamentos eletr\u00f4nicos em geral.<\/p>\n<p>Peso 10g<\/p>\n<p>Dimens\u00f5es \u00a0: C 100mm \/ L 20mm \/ 5mm<\/p>\n","protected":false},"excerpt":{"rendered":"<p>Pin\u00e7a feita de a\u00e7o de alt\u00edssima qualidade, anti-magn\u00e9tica e ESD , com sua ponta fina e um manuseio de \u00f3tima qualidade e seguran\u00e7a, serve\u00a0 para auxiliar na manuten\u00e7\u00e3o de celulares e equipamentos eletr\u00f4nicos em geral.<\/p>\n","protected":false},"featured_media":4229,"comment_status":"closed","ping_status":"closed","template":"","meta":{"_joinchat":[]},"product_brand":[],"product_cat":[105],"product_tag":[],"class_list":{"0":"post-4228","1":"product","2":"type-product","3":"status-publish","4":"has-post-thumbnail","6":"product_cat-equipamentos-para-manutencao-em-celular","8":"first","9":"instock","10":"taxable","11":"shipping-taxable","12":"purchasable","13":"product-type-simple"},"_links":{"self":[{"href":"https:\/\/neotecnologica.com.br\/lojavirtual\/wp-json\/wp\/v2\/product\/4228","targetHints":{"allow":["GET"]}}],"collection":[{"href":"https:\/\/neotecnologica.com.br\/lojavirtual\/wp-json\/wp\/v2\/product"}],"about":[{"href":"https:\/\/neotecnologica.com.br\/lojavirtual\/wp-json\/wp\/v2\/types\/product"}],"replies":[{"embeddable":true,"href":"https:\/\/neotecnologica.com.br\/lojavirtual\/wp-json\/wp\/v2\/comments?post=4228"}],"wp:featuredmedia":[{"embeddable":true,"href":"https:\/\/neotecnologica.com.br\/lojavirtual\/wp-json\/wp\/v2\/media\/4229"}],"wp:attachment":[{"href":"https:\/\/neotecnologica.com.br\/lojavirtual\/wp-json\/wp\/v2\/media?parent=4228"}],"wp:term":[{"taxonomy":"product_brand","embeddable":true,"href":"https:\/\/neotecnologica.com.br\/lojavirtual\/wp-json\/wp\/v2\/product_brand?post=4228"},{"taxonomy":"product_cat","embeddable":true,"href":"https:\/\/neotecnologica.com.br\/lojavirtual\/wp-json\/wp\/v2\/product_cat?post=4228"},{"taxonomy":"product_tag","embeddable":true,"href":"https:\/\/neotecnologica.com.br\/lojavirtual\/wp-json\/wp\/v2\/product_tag?post=4228"}],"curies":[{"name":"wp","href":"https:\/\/api.w.org\/{rel}","templated":true}]}}